{"id":12371,"date":"2018-04-14T22:39:47","date_gmt":"2018-04-15T03:39:47","guid":{"rendered":"https:\/\/www.le-fort.org\/?page_id=12371"},"modified":"2018-04-14T22:59:54","modified_gmt":"2018-04-15T03:59:54","slug":"pasteleria-en-masa-choux","status":"publish","type":"page","link":"https:\/\/le-fort.org\/cocina\/pasteleria-en-masa-choux\/","title":{"rendered":"Pasteler\u00eda en Masa Choux"},"content":{"rendered":"<p>La masa <em>choux<\/em> es una de las masas b\u00e1sicas de la pasteler\u00eda. Data del siglo XVI y nos permite preparar una serie de delicias de dulce y de sal.<!--more--><\/p>\n<figure style=\"width: 755px\" class=\"wp-caption aligncenter\"><img data-recalc-dims=\"1\" loading=\"lazy\" decoding=\"async\" data-attachment-id=\"12369\" data-permalink=\"https:\/\/le-fort.org\/cocina\/pasteleria-en-masa-choux-cuenca\/img_7565\/\" data-orig-file=\"https:\/\/i0.wp.com\/le-fort.org\/cocina\/wp-content\/uploads\/2018\/04\/IMG_7565.jpg?fit=1500%2C1000&amp;ssl=1\" data-orig-size=\"1500,1000\" data-comments-opened=\"0\" data-image-meta=\"{&quot;aperture&quot;:&quot;6.3&quot;,&quot;credit&quot;:&quot;Picasa&quot;,&quot;camera&quot;:&quot;Canon EOS REBEL SL1&quot;,&quot;caption&quot;:&quot;&quot;,&quot;created_timestamp&quot;:&quot;1523715461&quot;,&quot;copyright&quot;:&quot;&quot;,&quot;focal_length&quot;:&quot;38&quot;,&quot;iso&quot;:&quot;100&quot;,&quot;shutter_speed&quot;:&quot;0.01&quot;,&quot;title&quot;:&quot;&quot;,&quot;orientation&quot;:&quot;0&quot;}\" data-image-title=\"IMG_7565\" data-image-description=\"\" data-image-caption=\"\" data-large-file=\"https:\/\/i0.wp.com\/le-fort.org\/cocina\/wp-content\/uploads\/2018\/04\/IMG_7565.jpg?fit=1200%2C800&amp;ssl=1\" class=\"wp-image-12369 size-large\" src=\"https:\/\/i0.wp.com\/www.le-fort.org\/wp-content\/uploads\/2018\/04\/IMG_7565-1280x853.jpg?resize=755%2C503&#038;ssl=1\" alt=\"Torta Saint Honor\u00e9: masa choux\" width=\"755\" height=\"503\" srcset=\"https:\/\/i0.wp.com\/le-fort.org\/cocina\/wp-content\/uploads\/2018\/04\/IMG_7565.jpg?resize=1280%2C853&amp;ssl=1 1280w, https:\/\/i0.wp.com\/le-fort.org\/cocina\/wp-content\/uploads\/2018\/04\/IMG_7565.jpg?resize=600%2C400&amp;ssl=1 600w, https:\/\/i0.wp.com\/le-fort.org\/cocina\/wp-content\/uploads\/2018\/04\/IMG_7565.jpg?w=1500&amp;ssl=1 1500w\" sizes=\"auto, (max-width: 755px) 100vw, 755px\" \/><figcaption class=\"wp-caption-text\">La torta Saint Honor\u00e9 se prepara con masa choux<\/figcaption><\/figure>\n<p>&nbsp;<\/p>\n<h2>Acerca del curso de masa choux<\/h2>\n<div class=\"colright\" style=\"border-left: solid 1px #ccc;\">\n<h3>Talleres anteriores<\/h3>\n<div class=\"display-posts-listing\"><div class=\"listing-item\"><a class=\"image\" href=\"https:\/\/le-fort.org\/cocina\/pasteleria-en-masa-choux-cuenca\/\"><img loading=\"lazy\" decoding=\"async\" width=\"1200\" height=\"400\" src=\"https:\/\/i0.wp.com\/le-fort.org\/cocina\/wp-content\/uploads\/2018\/04\/choux-hd.jpg?fit=1200%2C400&amp;ssl=1\" class=\"attachment-large size-large wp-post-image\" alt=\"\" srcset=\"https:\/\/i0.wp.com\/le-fort.org\/cocina\/wp-content\/uploads\/2018\/04\/choux-hd.jpg?w=2100&amp;ssl=1 2100w, https:\/\/i0.wp.com\/le-fort.org\/cocina\/wp-content\/uploads\/2018\/04\/choux-hd.jpg?resize=600%2C200&amp;ssl=1 600w, https:\/\/i0.wp.com\/le-fort.org\/cocina\/wp-content\/uploads\/2018\/04\/choux-hd.jpg?resize=1280%2C427&amp;ssl=1 1280w\" sizes=\"auto, (max-width: 1200px) 100vw, 1200px\" data-attachment-id=\"12348\" data-permalink=\"https:\/\/le-fort.org\/cocina\/pasteleria-en-masa-choux-cuenca\/choux-hd\/\" data-orig-file=\"https:\/\/i0.wp.com\/le-fort.org\/cocina\/wp-content\/uploads\/2018\/04\/choux-hd.jpg?fit=2100%2C700&amp;ssl=1\" data-orig-size=\"2100,700\" data-comments-opened=\"0\" data-image-meta=\"{&quot;aperture&quot;:&quot;0&quot;,&quot;credit&quot;:&quot;&quot;,&quot;camera&quot;:&quot;&quot;,&quot;caption&quot;:&quot;&quot;,&quot;created_timestamp&quot;:&quot;0&quot;,&quot;copyright&quot;:&quot;&quot;,&quot;focal_length&quot;:&quot;0&quot;,&quot;iso&quot;:&quot;0&quot;,&quot;shutter_speed&quot;:&quot;0&quot;,&quot;title&quot;:&quot;&quot;,&quot;orientation&quot;:&quot;0&quot;}\" data-image-title=\"choux-hd\" data-image-description=\"\" data-image-caption=\"\" data-large-file=\"https:\/\/i0.wp.com\/le-fort.org\/cocina\/wp-content\/uploads\/2018\/04\/choux-hd.jpg?fit=1200%2C400&amp;ssl=1\" \/><\/a> <a class=\"title\" href=\"https:\/\/le-fort.org\/cocina\/pasteleria-en-masa-choux-cuenca\/\">Pasteler\u00eda en Masa choux, Cuenca<\/a><\/div><\/div>\n<hr \/>\n<p style=\"text-align: center;\">Si te interesa este curso, por favor <a href=\"https:\/\/le-fort.org\/contactanos\/\">cont\u00e1ctanos<\/a>.<\/p>\n<\/div>\n<p>Este taller, de 3 a 4 horas de duraci\u00f3n trata las bases de la masa <em>choux<\/em> y algunas aplicaciones de inter\u00e9s.<\/p>\n<ul>\n<li>La masa choux<\/li>\n<li>Preparaci\u00f3n de la masa choux<\/li>\n<li>Profiteroles<\/li>\n<li>\u00c9clairs, y distintas formas de rellenarlos y decorarlos<\/li>\n<li>Torta Saint Honor\u00e9<\/li>\n<li>Paris-Brest<\/li>\n<\/ul>\n<p>El taller es flexible, y podemos incorporar otras preparaciones con esta masa seg\u00fan tus necesidades.<\/p>\n<p><img data-recalc-dims=\"1\" loading=\"lazy\" decoding=\"async\" data-attachment-id=\"12356\" data-permalink=\"https:\/\/le-fort.org\/cocina\/pasteleria-en-masa-choux-cuenca\/img_7455\/\" data-orig-file=\"https:\/\/i0.wp.com\/le-fort.org\/cocina\/wp-content\/uploads\/2018\/04\/IMG_7455.jpg?fit=1500%2C1000&amp;ssl=1\" data-orig-size=\"1500,1000\" data-comments-opened=\"0\" data-image-meta=\"{&quot;aperture&quot;:&quot;5.6&quot;,&quot;credit&quot;:&quot;Picasa&quot;,&quot;camera&quot;:&quot;Canon EOS REBEL SL1&quot;,&quot;caption&quot;:&quot;&quot;,&quot;created_timestamp&quot;:&quot;1523710821&quot;,&quot;copyright&quot;:&quot;&quot;,&quot;focal_length&quot;:&quot;55&quot;,&quot;iso&quot;:&quot;400&quot;,&quot;shutter_speed&quot;:&quot;0.01&quot;,&quot;title&quot;:&quot;&quot;,&quot;orientation&quot;:&quot;0&quot;}\" data-image-title=\"IMG_7455\" data-image-description=\"\" data-image-caption=\"\" data-large-file=\"https:\/\/i0.wp.com\/le-fort.org\/cocina\/wp-content\/uploads\/2018\/04\/IMG_7455.jpg?fit=1200%2C800&amp;ssl=1\" class=\"aligncenter size-large wp-image-12356\" src=\"https:\/\/i0.wp.com\/www.le-fort.org\/wp-content\/uploads\/2018\/04\/IMG_7455-1280x853.jpg?resize=755%2C503&#038;ssl=1\" alt=\"\" width=\"755\" height=\"503\" srcset=\"https:\/\/i0.wp.com\/le-fort.org\/cocina\/wp-content\/uploads\/2018\/04\/IMG_7455.jpg?resize=1280%2C853&amp;ssl=1 1280w, https:\/\/i0.wp.com\/le-fort.org\/cocina\/wp-content\/uploads\/2018\/04\/IMG_7455.jpg?resize=600%2C400&amp;ssl=1 600w, https:\/\/i0.wp.com\/le-fort.org\/cocina\/wp-content\/uploads\/2018\/04\/IMG_7455.jpg?w=1500&amp;ssl=1 1500w\" sizes=\"auto, (max-width: 755px) 100vw, 755px\" \/><\/p>\n<p><img data-recalc-dims=\"1\" loading=\"lazy\" decoding=\"async\" data-attachment-id=\"12368\" data-permalink=\"https:\/\/le-fort.org\/cocina\/pasteleria-en-masa-choux-cuenca\/img_7560\/\" data-orig-file=\"https:\/\/i0.wp.com\/le-fort.org\/cocina\/wp-content\/uploads\/2018\/04\/IMG_7560.jpg?fit=1500%2C1000&amp;ssl=1\" data-orig-size=\"1500,1000\" data-comments-opened=\"0\" data-image-meta=\"{&quot;aperture&quot;:&quot;7.1&quot;,&quot;credit&quot;:&quot;Picasa&quot;,&quot;camera&quot;:&quot;Canon EOS REBEL SL1&quot;,&quot;caption&quot;:&quot;&quot;,&quot;created_timestamp&quot;:&quot;1523715438&quot;,&quot;copyright&quot;:&quot;&quot;,&quot;focal_length&quot;:&quot;35&quot;,&quot;iso&quot;:&quot;100&quot;,&quot;shutter_speed&quot;:&quot;0.008&quot;,&quot;title&quot;:&quot;&quot;,&quot;orientation&quot;:&quot;0&quot;}\" data-image-title=\"IMG_7560\" data-image-description=\"\" data-image-caption=\"\" data-large-file=\"https:\/\/i0.wp.com\/le-fort.org\/cocina\/wp-content\/uploads\/2018\/04\/IMG_7560.jpg?fit=1200%2C800&amp;ssl=1\" class=\"aligncenter size-large wp-image-12368\" src=\"https:\/\/i0.wp.com\/www.le-fort.org\/wp-content\/uploads\/2018\/04\/IMG_7560-1280x853.jpg?resize=755%2C503&#038;ssl=1\" alt=\"\" width=\"755\" height=\"503\" srcset=\"https:\/\/i0.wp.com\/le-fort.org\/cocina\/wp-content\/uploads\/2018\/04\/IMG_7560.jpg?resize=1280%2C853&amp;ssl=1 1280w, https:\/\/i0.wp.com\/le-fort.org\/cocina\/wp-content\/uploads\/2018\/04\/IMG_7560.jpg?resize=600%2C400&amp;ssl=1 600w, https:\/\/i0.wp.com\/le-fort.org\/cocina\/wp-content\/uploads\/2018\/04\/IMG_7560.jpg?w=1500&amp;ssl=1 1500w\" sizes=\"auto, (max-width: 755px) 100vw, 755px\" \/><\/p>\n<p>&nbsp;<\/p>\n","protected":false},"excerpt":{"rendered":"<p>La masa choux es una de las masas b\u00e1sicas de la pasteler\u00eda. Data del siglo XVI y nos permite preparar una serie de delicias de dulce y de sal.<\/p>\n","protected":false},"author":1,"featured_media":12372,"parent":0,"menu_order":0,"comment_status":"closed","ping_status":"closed","template":"","meta":{"footnotes":""},"class_list":["post-12371","page","type-page","status-publish","has-post-thumbnail","hentry","entry","has-media"],"jetpack_shortlink":"https:\/\/wp.me\/PghKer-3dx","jetpack_sharing_enabled":true,"jetpack-related-posts":[{"id":11192,"url":"https:\/\/le-fort.org\/cocina\/pasteleria\/","url_meta":{"origin":12371,"position":0},"title":"Pasteler\u00eda y Reposter\u00eda","author":"Le-Fort.org","date":"27 de Diciembre, 2017","format":false,"excerpt":"Amamos la pasteler\u00eda, y nuestro \u00edndice de masa corporal rinde homenaje a este gusto. Desde la tradici\u00f3n de pasteler\u00eda alemana con la que creci\u00f3 Marell a la experimentaci\u00f3n de los ratos libres y un genuino amor por las cosas dulces, tenemos no poco que contar, cocinar y ense\u00f1ar sobre pasteler\u00eda.\u2026","rel":"","context":"Entrada similar ","block_context":{"text":"Entrada similar ","link":""},"img":{"alt_text":"Galletas decoradas con glaseado real","src":"https:\/\/i0.wp.com\/le-fort.org\/cocina\/wp-content\/uploads\/2017\/12\/pasteleria-hd.jpg?fit=1200%2C400&ssl=1&resize=350%2C200","width":350,"height":200,"srcset":"https:\/\/i0.wp.com\/le-fort.org\/cocina\/wp-content\/uploads\/2017\/12\/pasteleria-hd.jpg?fit=1200%2C400&ssl=1&resize=350%2C200 1x, https:\/\/i0.wp.com\/le-fort.org\/cocina\/wp-content\/uploads\/2017\/12\/pasteleria-hd.jpg?fit=1200%2C400&ssl=1&resize=525%2C300 1.5x, https:\/\/i0.wp.com\/le-fort.org\/cocina\/wp-content\/uploads\/2017\/12\/pasteleria-hd.jpg?fit=1200%2C400&ssl=1&resize=700%2C400 2x, https:\/\/i0.wp.com\/le-fort.org\/cocina\/wp-content\/uploads\/2017\/12\/pasteleria-hd.jpg?fit=1200%2C400&ssl=1&resize=1050%2C600 3x"},"classes":[]},{"id":12393,"url":"https:\/\/le-fort.org\/cocina\/documentos\/ciencia-pasteleria\/","url_meta":{"origin":12371,"position":1},"title":"Ciencia &#038; Pasteler\u00eda","author":"Le-Fort.org","date":"18 de Abril, 2018","format":false,"excerpt":"Documento de la clase de Ciencia & Pasteler\u00eda que dictamos en Le-Fort.org. Es una clase bastante relajada y flexible, cuyo contenido podemos modificar seg\u00fan tus necesidades, que provee -esperamos- herramientas para mirar la pasteler\u00eda con otros ojos, y fomentar la creatividad desde el conocimiento de lo que est\u00e1 sucediendo en\u2026","rel":"","context":"Entrada similar ","block_context":{"text":"Entrada similar ","link":""},"img":{"alt_text":"","src":"https:\/\/i0.wp.com\/le-fort.org\/cocina\/wp-content\/uploads\/2017\/03\/dobos-hd.jpg?fit=1200%2C400&ssl=1&resize=350%2C200","width":350,"height":200,"srcset":"https:\/\/i0.wp.com\/le-fort.org\/cocina\/wp-content\/uploads\/2017\/03\/dobos-hd.jpg?fit=1200%2C400&ssl=1&resize=350%2C200 1x, https:\/\/i0.wp.com\/le-fort.org\/cocina\/wp-content\/uploads\/2017\/03\/dobos-hd.jpg?fit=1200%2C400&ssl=1&resize=525%2C300 1.5x, https:\/\/i0.wp.com\/le-fort.org\/cocina\/wp-content\/uploads\/2017\/03\/dobos-hd.jpg?fit=1200%2C400&ssl=1&resize=700%2C400 2x, https:\/\/i0.wp.com\/le-fort.org\/cocina\/wp-content\/uploads\/2017\/03\/dobos-hd.jpg?fit=1200%2C400&ssl=1&resize=1050%2C600 3x"},"classes":[]},{"id":14265,"url":"https:\/\/le-fort.org\/cocina\/panaderia-y-reposteria-loja\/","url_meta":{"origin":12371,"position":2},"title":"Panader\u00eda y Reposter\u00eda","author":"Marell Rojas","date":"8 de Julio, 2019","format":false,"excerpt":"Curso de panader\u00eda y resposter\u00eda 120 horas de duraci\u00f3n en Loja. Fundamentos, t\u00e9cnica, recetas, inocuidad alimentaria, nutrici\u00f3n, costos.","rel":"","context":"Entrada similar ","block_context":{"text":"Entrada similar ","link":""},"img":{"alt_text":"","src":"https:\/\/i0.wp.com\/le-fort.org\/cocina\/wp-content\/uploads\/2015\/05\/cemitas-hd-1.jpg?fit=1200%2C400&ssl=1&resize=350%2C200","width":350,"height":200,"srcset":"https:\/\/i0.wp.com\/le-fort.org\/cocina\/wp-content\/uploads\/2015\/05\/cemitas-hd-1.jpg?fit=1200%2C400&ssl=1&resize=350%2C200 1x, https:\/\/i0.wp.com\/le-fort.org\/cocina\/wp-content\/uploads\/2015\/05\/cemitas-hd-1.jpg?fit=1200%2C400&ssl=1&resize=525%2C300 1.5x, https:\/\/i0.wp.com\/le-fort.org\/cocina\/wp-content\/uploads\/2015\/05\/cemitas-hd-1.jpg?fit=1200%2C400&ssl=1&resize=700%2C400 2x, https:\/\/i0.wp.com\/le-fort.org\/cocina\/wp-content\/uploads\/2015\/05\/cemitas-hd-1.jpg?fit=1200%2C400&ssl=1&resize=1050%2C600 3x"},"classes":[]},{"id":8231,"url":"https:\/\/le-fort.org\/cocina\/nuestro-proyecto\/marell\/","url_meta":{"origin":12371,"position":3},"title":"Marell Rojas Le-Fort","author":"Le-Fort.org","date":"30 de Junio, 2016","format":false,"excerpt":"Marell Rojas Le-Fort es la cara m\u00e1s atractiva de este proyecto. Ha sido muchas cosas en la vida: madre, pintora, enfermera, profesora, paisajista, abuela... y por supuesto Chef. La otra mitad del equipo es Rodrigo. Resumen Licenciada en enfermer\u00eda Ingeniera en Gastronom\u00eda Pintora y escultora Chef de partida Certificaci\u00f3n como\u2026","rel":"","context":"Entrada similar ","block_context":{"text":"Entrada similar ","link":""},"img":{"alt_text":"","src":"https:\/\/i0.wp.com\/le-fort.org\/cocina\/wp-content\/uploads\/2016\/07\/icing-hd.jpg?fit=1200%2C400&ssl=1&resize=350%2C200","width":350,"height":200,"srcset":"https:\/\/i0.wp.com\/le-fort.org\/cocina\/wp-content\/uploads\/2016\/07\/icing-hd.jpg?fit=1200%2C400&ssl=1&resize=350%2C200 1x, https:\/\/i0.wp.com\/le-fort.org\/cocina\/wp-content\/uploads\/2016\/07\/icing-hd.jpg?fit=1200%2C400&ssl=1&resize=525%2C300 1.5x, https:\/\/i0.wp.com\/le-fort.org\/cocina\/wp-content\/uploads\/2016\/07\/icing-hd.jpg?fit=1200%2C400&ssl=1&resize=700%2C400 2x, https:\/\/i0.wp.com\/le-fort.org\/cocina\/wp-content\/uploads\/2016\/07\/icing-hd.jpg?fit=1200%2C400&ssl=1&resize=1050%2C600 3x"},"classes":[]},{"id":6,"url":"https:\/\/le-fort.org\/cocina\/nuestro-proyecto\/","url_meta":{"origin":12371,"position":4},"title":"Nuestro Proyecto","author":"Le-Fort.org","date":"27 de Abril, 2013","format":false,"excerpt":"\u00bfDe d\u00f3nde sali\u00f3 esta escuela de cocina en l\u00ednea y presencial sin fines de lucro en Ecuador? Aqu\u00ed les contamos nuestra historia.","rel":"","context":"Entrada similar ","block_context":{"text":"Entrada similar ","link":""},"img":{"alt_text":"","src":"https:\/\/i0.wp.com\/le-fort.org\/cocina\/wp-content\/uploads\/2017\/07\/ambato-hd.jpg?fit=1200%2C400&ssl=1&resize=350%2C200","width":350,"height":200,"srcset":"https:\/\/i0.wp.com\/le-fort.org\/cocina\/wp-content\/uploads\/2017\/07\/ambato-hd.jpg?fit=1200%2C400&ssl=1&resize=350%2C200 1x, https:\/\/i0.wp.com\/le-fort.org\/cocina\/wp-content\/uploads\/2017\/07\/ambato-hd.jpg?fit=1200%2C400&ssl=1&resize=525%2C300 1.5x, https:\/\/i0.wp.com\/le-fort.org\/cocina\/wp-content\/uploads\/2017\/07\/ambato-hd.jpg?fit=1200%2C400&ssl=1&resize=700%2C400 2x, https:\/\/i0.wp.com\/le-fort.org\/cocina\/wp-content\/uploads\/2017\/07\/ambato-hd.jpg?fit=1200%2C400&ssl=1&resize=1050%2C600 3x"},"classes":[]},{"id":10059,"url":"https:\/\/le-fort.org\/cocina\/introduccion-la-pizza\/","url_meta":{"origin":12371,"position":5},"title":"Taller de Pizza","author":"Le-Fort.org","date":"4 de Abril, 2016","format":false,"excerpt":"Curso introductorio al origen, variedades y preparaci\u00f3n de la pizza, orientado a personas con poca o ninguna experiencia en el tema.","rel":"","context":"Entrada similar ","block_context":{"text":"Entrada similar ","link":""},"img":{"alt_text":"","src":"https:\/\/i0.wp.com\/le-fort.org\/cocina\/wp-content\/uploads\/2017\/10\/curso-pizza-hd.jpg?fit=1200%2C400&ssl=1&resize=350%2C200","width":350,"height":200,"srcset":"https:\/\/i0.wp.com\/le-fort.org\/cocina\/wp-content\/uploads\/2017\/10\/curso-pizza-hd.jpg?fit=1200%2C400&ssl=1&resize=350%2C200 1x, https:\/\/i0.wp.com\/le-fort.org\/cocina\/wp-content\/uploads\/2017\/10\/curso-pizza-hd.jpg?fit=1200%2C400&ssl=1&resize=525%2C300 1.5x, https:\/\/i0.wp.com\/le-fort.org\/cocina\/wp-content\/uploads\/2017\/10\/curso-pizza-hd.jpg?fit=1200%2C400&ssl=1&resize=700%2C400 2x, https:\/\/i0.wp.com\/le-fort.org\/cocina\/wp-content\/uploads\/2017\/10\/curso-pizza-hd.jpg?fit=1200%2C400&ssl=1&resize=1050%2C600 3x"},"classes":[]}],"_links":{"self":[{"href":"https:\/\/le-fort.org\/cocina\/wp-json\/wp\/v2\/pages\/12371","targetHints":{"allow":["GET"]}}],"collection":[{"href":"https:\/\/le-fort.org\/cocina\/wp-json\/wp\/v2\/pages"}],"about":[{"href":"https:\/\/le-fort.org\/cocina\/wp-json\/wp\/v2\/types\/page"}],"author":[{"embeddable":true,"href":"https:\/\/le-fort.org\/cocina\/wp-json\/wp\/v2\/users\/1"}],"replies":[{"embeddable":true,"href":"https:\/\/le-fort.org\/cocina\/wp-json\/wp\/v2\/comments?post=12371"}],"version-history":[{"count":0,"href":"https:\/\/le-fort.org\/cocina\/wp-json\/wp\/v2\/pages\/12371\/revisions"}],"wp:featuredmedia":[{"embeddable":true,"href":"https:\/\/le-fort.org\/cocina\/wp-json\/wp\/v2\/media\/12372"}],"wp:attachment":[{"href":"https:\/\/le-fort.org\/cocina\/wp-json\/wp\/v2\/media?parent=12371"}],"curies":[{"name":"wp","href":"https:\/\/api.w.org\/{rel}","templated":true}]}}