{"id":4703,"date":"2013-07-09T18:19:44","date_gmt":"2013-07-09T18:19:44","guid":{"rendered":"http:\/\/www.loquecomemos.com\/?page_id=4703"},"modified":"2024-03-23T08:25:11","modified_gmt":"2024-03-23T13:25:11","slug":"contactanos","status":"publish","type":"page","link":"https:\/\/le-fort.org\/cocina\/contactanos\/","title":{"rendered":"Cont\u00e1ctanos"},"content":{"rendered":"<p><img data-recalc-dims=\"1\" loading=\"lazy\" decoding=\"async\" data-attachment-id=\"7932\" data-permalink=\"https:\/\/le-fort.org\/cocina\/rumano-completo\/rumano-hd\/\" data-orig-file=\"https:\/\/i0.wp.com\/le-fort.org\/cocina\/wp-content\/uploads\/2016\/05\/rumano-hd.jpg?fit=1200%2C400&amp;ssl=1\" data-orig-size=\"1200,400\" data-comments-opened=\"0\" data-image-meta=\"{&quot;aperture&quot;:&quot;0&quot;,&quot;credit&quot;:&quot;&quot;,&quot;camera&quot;:&quot;&quot;,&quot;caption&quot;:&quot;&quot;,&quot;created_timestamp&quot;:&quot;0&quot;,&quot;copyright&quot;:&quot;&quot;,&quot;focal_length&quot;:&quot;0&quot;,&quot;iso&quot;:&quot;0&quot;,&quot;shutter_speed&quot;:&quot;0&quot;,&quot;title&quot;:&quot;&quot;,&quot;orientation&quot;:&quot;0&quot;}\" data-image-title=\"rumano-hd\" data-image-description=\"\" data-image-caption=\"\" data-large-file=\"https:\/\/i0.wp.com\/le-fort.org\/cocina\/wp-content\/uploads\/2016\/05\/rumano-hd.jpg?fit=1200%2C400&amp;ssl=1\" class=\"aligncenter wp-image-7932 size-full\" src=\"https:\/\/i0.wp.com\/loquecomemos.com\/wp-content\/uploads\/2016\/05\/rumano-hd.jpg?resize=1200%2C400\" width=\"1200\" height=\"400\" srcset=\"https:\/\/i0.wp.com\/le-fort.org\/cocina\/wp-content\/uploads\/2016\/05\/rumano-hd.jpg?w=1200&amp;ssl=1 1200w, https:\/\/i0.wp.com\/le-fort.org\/cocina\/wp-content\/uploads\/2016\/05\/rumano-hd.jpg?resize=600%2C200&amp;ssl=1 600w\" sizes=\"auto, (max-width: 1200px) 100vw, 1200px\" \/><\/p>\n<p>\u00bfTienes una receta que necesitamos saber?<\/p>\n<p>\u00bfViste alg\u00fan error en alguna de las p\u00e1ginas o art\u00edculos?<\/p>\n<p>\u00bfSabes preparar el elixir de la eterna juventud?<\/p>\n<p>En cualquiera de los casos anteriores, o si tienes alguna idea descabellada e interesante en mente, por favor cont\u00e1ctanos.<\/p>\n<p>info arroba le gui\u00f3n fort punto org<\/p>\n","protected":false},"excerpt":{"rendered":"<p>\u00bfTienes una receta que necesitamos saber? \u00bfViste alg\u00fan error en alguna de las p\u00e1ginas o art\u00edculos? \u00bfSabes preparar el elixir de la eterna juventud? En cualquiera de los casos anteriores, o si tienes alguna idea descabellada e interesante en mente, por favor cont\u00e1ctanos. info arroba le gui\u00f3n fort punto org<\/p>\n","protected":false},"author":1,"featured_media":7332,"parent":0,"menu_order":99,"comment_status":"closed","ping_status":"closed","template":"","meta":{"footnotes":""},"class_list":["post-4703","page","type-page","status-publish","has-post-thumbnail","hentry","entry","has-media"],"jetpack_shortlink":"https:\/\/wp.me\/PghKer-1dR","jetpack_sharing_enabled":true,"jetpack-related-posts":[{"id":10365,"url":"https:\/\/le-fort.org\/cocina\/gastronomia-del-ecuador\/","url_meta":{"origin":4703,"position":0},"title":"Gastronom\u00eda Ecuador","author":"Le-Fort.org","date":"1 de Diciembre, 2017","format":false,"excerpt":"La gastronom\u00eda del Ecuador a menudo palidece eclipsada por la de sus vecinos. Esto no es justo: Ecuador es un pa\u00eds con much\u00edsimo que comer, y que hemos disfrutado mucho en estos a\u00f1os. Se han llevado a cabo iniciativas importantes a nivel pa\u00eds, en algunas de las cuales hemos tenido\u2026","rel":"","context":"Entrada similar ","block_context":{"text":"Entrada similar ","link":""},"img":{"alt_text":"","src":"https:\/\/i0.wp.com\/le-fort.org\/cocina\/wp-content\/uploads\/2017\/12\/ecuador-hd.jpg?fit=1200%2C400&ssl=1&resize=350%2C200","width":350,"height":200,"srcset":"https:\/\/i0.wp.com\/le-fort.org\/cocina\/wp-content\/uploads\/2017\/12\/ecuador-hd.jpg?fit=1200%2C400&ssl=1&resize=350%2C200 1x, https:\/\/i0.wp.com\/le-fort.org\/cocina\/wp-content\/uploads\/2017\/12\/ecuador-hd.jpg?fit=1200%2C400&ssl=1&resize=525%2C300 1.5x, https:\/\/i0.wp.com\/le-fort.org\/cocina\/wp-content\/uploads\/2017\/12\/ecuador-hd.jpg?fit=1200%2C400&ssl=1&resize=700%2C400 2x, https:\/\/i0.wp.com\/le-fort.org\/cocina\/wp-content\/uploads\/2017\/12\/ecuador-hd.jpg?fit=1200%2C400&ssl=1&resize=1050%2C600 3x"},"classes":[]},{"id":11815,"url":"https:\/\/le-fort.org\/cocina\/eventos\/","url_meta":{"origin":4703,"position":1},"title":"Calendario de Eventos","author":"Le-Fort.org","date":"19 de Febrero, 2018","format":false,"excerpt":"Hacemos clases, cursos y talleres por todo Ecuador, y nuestra base est\u00e1 en Cuenca. Estos son nuestros eventos de docencia que vienen. Esperamos que alguno de ellos sea de tu inter\u00e9s. [wpfb_events page_id=\"123838908323434\" new_window=\"1\" col=\"2\" max_events=\"10\"] [fb_event_widget page_url=\u201dhttps:\/\/www.facebook.com\/lefortorg\/\u201d width=\u201d340\u2033 height=\u201d500\u2033 hide_cover=\u201dfalse\u201d hide_cta=\u201dtrue\u201d small_header=\u201dtrue\u201d]","rel":"","context":"Entrada similar ","block_context":{"text":"Entrada similar ","link":""},"img":{"alt_text":"","src":"https:\/\/i0.wp.com\/le-fort.org\/cocina\/wp-content\/uploads\/2018\/03\/santa-elena-hd-1.jpg?fit=1200%2C400&ssl=1&resize=350%2C200","width":350,"height":200,"srcset":"https:\/\/i0.wp.com\/le-fort.org\/cocina\/wp-content\/uploads\/2018\/03\/santa-elena-hd-1.jpg?fit=1200%2C400&ssl=1&resize=350%2C200 1x, https:\/\/i0.wp.com\/le-fort.org\/cocina\/wp-content\/uploads\/2018\/03\/santa-elena-hd-1.jpg?fit=1200%2C400&ssl=1&resize=525%2C300 1.5x, https:\/\/i0.wp.com\/le-fort.org\/cocina\/wp-content\/uploads\/2018\/03\/santa-elena-hd-1.jpg?fit=1200%2C400&ssl=1&resize=700%2C400 2x, https:\/\/i0.wp.com\/le-fort.org\/cocina\/wp-content\/uploads\/2018\/03\/santa-elena-hd-1.jpg?fit=1200%2C400&ssl=1&resize=1050%2C600 3x"},"classes":[]},{"id":12211,"url":"https:\/\/le-fort.org\/cocina\/curso-manipulacion-alimentos\/","url_meta":{"origin":4703,"position":2},"title":"Manipulaci\u00f3n de Alimentos","author":"Le-Fort.org","date":"31 de Marzo, 2018","format":false,"excerpt":"Disponemos de un curso de manipulaci\u00f3n de alimentos, de 40 horas de duraci\u00f3n. Para m\u00e1s informaci\u00f3n o inscripci\u00f3n, cont\u00e1ctanos. Temario curso Manipulaci\u00f3n de Alimentos Introducci\u00f3n: Competencias laborales y certificaci\u00f3n SETEC Peligros de los alimentos F\u00edsicos Qu\u00edmicos Biologicos Enfermedades transmitidas por los alimentos Inocuidad alimentaria Higiene y sanitizaci\u00f3n Evitar la contaminaci\u00f3n\u2026","rel":"","context":"Entrada similar ","block_context":{"text":"Entrada similar ","link":""},"img":{"alt_text":"","src":"https:\/\/i0.wp.com\/le-fort.org\/cocina\/wp-content\/uploads\/2018\/03\/manipulacion-hd.jpg?fit=1200%2C400&ssl=1&resize=350%2C200","width":350,"height":200,"srcset":"https:\/\/i0.wp.com\/le-fort.org\/cocina\/wp-content\/uploads\/2018\/03\/manipulacion-hd.jpg?fit=1200%2C400&ssl=1&resize=350%2C200 1x, https:\/\/i0.wp.com\/le-fort.org\/cocina\/wp-content\/uploads\/2018\/03\/manipulacion-hd.jpg?fit=1200%2C400&ssl=1&resize=525%2C300 1.5x, https:\/\/i0.wp.com\/le-fort.org\/cocina\/wp-content\/uploads\/2018\/03\/manipulacion-hd.jpg?fit=1200%2C400&ssl=1&resize=700%2C400 2x, https:\/\/i0.wp.com\/le-fort.org\/cocina\/wp-content\/uploads\/2018\/03\/manipulacion-hd.jpg?fit=1200%2C400&ssl=1&resize=1050%2C600 3x"},"classes":[]},{"id":12371,"url":"https:\/\/le-fort.org\/cocina\/pasteleria-en-masa-choux\/","url_meta":{"origin":4703,"position":3},"title":"Pasteler\u00eda en Masa Choux","author":"Le-Fort.org","date":"14 de Abril, 2018","format":false,"excerpt":"La masa choux es una de las masas b\u00e1sicas de la pasteler\u00eda. Data del siglo XVI y nos permite preparar una serie de delicias de dulce y de sal. \u00a0 Acerca del curso de masa choux Talleres anteriores Si te interesa este curso, por favor cont\u00e1ctanos. Este taller, de 3\u2026","rel":"","context":"Entrada similar ","block_context":{"text":"Entrada similar ","link":""},"img":{"alt_text":"","src":"https:\/\/i0.wp.com\/le-fort.org\/cocina\/wp-content\/uploads\/2018\/04\/choux-hd-1.jpg?fit=1200%2C400&ssl=1&resize=350%2C200","width":350,"height":200,"srcset":"https:\/\/i0.wp.com\/le-fort.org\/cocina\/wp-content\/uploads\/2018\/04\/choux-hd-1.jpg?fit=1200%2C400&ssl=1&resize=350%2C200 1x, https:\/\/i0.wp.com\/le-fort.org\/cocina\/wp-content\/uploads\/2018\/04\/choux-hd-1.jpg?fit=1200%2C400&ssl=1&resize=525%2C300 1.5x, https:\/\/i0.wp.com\/le-fort.org\/cocina\/wp-content\/uploads\/2018\/04\/choux-hd-1.jpg?fit=1200%2C400&ssl=1&resize=700%2C400 2x, https:\/\/i0.wp.com\/le-fort.org\/cocina\/wp-content\/uploads\/2018\/04\/choux-hd-1.jpg?fit=1200%2C400&ssl=1&resize=1050%2C600 3x"},"classes":[]},{"id":12085,"url":"https:\/\/le-fort.org\/cocina\/introduccion-la-nutricion\/","url_meta":{"origin":4703,"position":4},"title":"Introducci\u00f3n a la Nutrici\u00f3n","author":"Le-Fort.org","date":"16 de Marzo, 2018","format":false,"excerpt":"El curso Introducci\u00f3n a la Nutrici\u00f3n es un curso para todo p\u00fablico que discute las bases de la nutrici\u00f3n, con miras a la certificaci\u00f3n por competecias laborales SETEC. Sesiones anteriores Si te interesa este curso, por favor cont\u00e1ctanos. Duraci\u00f3n: 4 horas (1 d\u00eda) Material complementario: documento en formato PDF Certificado\u2026","rel":"","context":"Entrada similar ","block_context":{"text":"Entrada similar ","link":""},"img":{"alt_text":"","src":"https:\/\/i0.wp.com\/le-fort.org\/cocina\/wp-content\/uploads\/2018\/03\/nutri-hd-curso.jpg?fit=1200%2C400&ssl=1&resize=350%2C200","width":350,"height":200,"srcset":"https:\/\/i0.wp.com\/le-fort.org\/cocina\/wp-content\/uploads\/2018\/03\/nutri-hd-curso.jpg?fit=1200%2C400&ssl=1&resize=350%2C200 1x, https:\/\/i0.wp.com\/le-fort.org\/cocina\/wp-content\/uploads\/2018\/03\/nutri-hd-curso.jpg?fit=1200%2C400&ssl=1&resize=525%2C300 1.5x, https:\/\/i0.wp.com\/le-fort.org\/cocina\/wp-content\/uploads\/2018\/03\/nutri-hd-curso.jpg?fit=1200%2C400&ssl=1&resize=700%2C400 2x, https:\/\/i0.wp.com\/le-fort.org\/cocina\/wp-content\/uploads\/2018\/03\/nutri-hd-curso.jpg?fit=1200%2C400&ssl=1&resize=1050%2C600 3x"},"classes":[]},{"id":11127,"url":"https:\/\/le-fort.org\/cocina\/cocina-india-vegetariana\/","url_meta":{"origin":4703,"position":5},"title":"Cocina India Vegetariana","author":"Le-Fort.org","date":"23 de Diciembre, 2017","format":false,"excerpt":"La cocina india se ha popularizado gracias a la dominaci\u00f3n brit\u00e1nica, y mucho de lo que conocemos como cocina india es en verdad cocina angloindia. En este curso tocamos un subconjunto que es la cocina india vegetariana. Este curso est\u00e1 dirigido a personas con inter\u00e9s en la cocina india y\u2026","rel":"","context":"Entrada similar ","block_context":{"text":"Entrada similar ","link":""},"img":{"alt_text":"","src":"https:\/\/i0.wp.com\/le-fort.org\/cocina\/wp-content\/uploads\/2017\/01\/india-hd.jpg?fit=1200%2C400&ssl=1&resize=350%2C200","width":350,"height":200,"srcset":"https:\/\/i0.wp.com\/le-fort.org\/cocina\/wp-content\/uploads\/2017\/01\/india-hd.jpg?fit=1200%2C400&ssl=1&resize=350%2C200 1x, https:\/\/i0.wp.com\/le-fort.org\/cocina\/wp-content\/uploads\/2017\/01\/india-hd.jpg?fit=1200%2C400&ssl=1&resize=525%2C300 1.5x, https:\/\/i0.wp.com\/le-fort.org\/cocina\/wp-content\/uploads\/2017\/01\/india-hd.jpg?fit=1200%2C400&ssl=1&resize=700%2C400 2x, https:\/\/i0.wp.com\/le-fort.org\/cocina\/wp-content\/uploads\/2017\/01\/india-hd.jpg?fit=1200%2C400&ssl=1&resize=1050%2C600 3x"},"classes":[]}],"_links":{"self":[{"href":"https:\/\/le-fort.org\/cocina\/wp-json\/wp\/v2\/pages\/4703","targetHints":{"allow":["GET"]}}],"collection":[{"href":"https:\/\/le-fort.org\/cocina\/wp-json\/wp\/v2\/pages"}],"about":[{"href":"https:\/\/le-fort.org\/cocina\/wp-json\/wp\/v2\/types\/page"}],"author":[{"embeddable":true,"href":"https:\/\/le-fort.org\/cocina\/wp-json\/wp\/v2\/users\/1"}],"replies":[{"embeddable":true,"href":"https:\/\/le-fort.org\/cocina\/wp-json\/wp\/v2\/comments?post=4703"}],"version-history":[{"count":6,"href":"https:\/\/le-fort.org\/cocina\/wp-json\/wp\/v2\/pages\/4703\/revisions"}],"predecessor-version":[{"id":17028,"href":"https:\/\/le-fort.org\/cocina\/wp-json\/wp\/v2\/pages\/4703\/revisions\/17028"}],"wp:featuredmedia":[{"embeddable":true,"href":"https:\/\/le-fort.org\/cocina\/wp-json\/wp\/v2\/media\/7332"}],"wp:attachment":[{"href":"https:\/\/le-fort.org\/cocina\/wp-json\/wp\/v2\/media?parent=4703"}],"curies":[{"name":"wp","href":"https:\/\/api.w.org\/{rel}","templated":true}]}}

Contáctanos

<p><img data-recalc-dims="1" loading="lazy" decoding="async" data-attachment-id="7932" data-permalink="https://le-fort.org/cocina/rumano-completo/rumano-hd/" data-orig-file="https://i0.wp.com/le-fort.org/cocina/wp-content/uploads/2016/05/rumano-hd.jpg?fit=1200%2C400&amp;ssl=1" data-orig-size="1200,400" data-comments-opened="0" data-image-meta="{&quot;aperture&quot;:&quot;0&quot;,&quot;credit&quot;:&quot;&quot;,&quot;camera&quot;:&quot;&quot;,&quot;caption&quot;:&quot;&quot;,&quot;created_timestamp&quot;:&quot;0&quot;,&quot;copyright&quot;:&quot;&quot;,&quot;focal_length&quot;:&quot;0&quot;,&quot;iso&quot;:&quot;0&quot;,&quot;shutter_speed&quot;:&quot;0&quot;,&quot;title&quot;:&quot;&quot;,&quot;orientation&quot;:&quot;0&quot;}" data-image-title="rumano-hd" data-image-description="" data-image-caption="" data-large-file="https://i0.wp.com/le-fort.org/cocina/wp-content/uploads/2016/05/rumano-hd.jpg?fit=1200%2C400&amp;ssl=1" class="aligncenter wp-image-7932 size-full" src="https://i0.wp.com/loquecomemos.com/wp-content/uploads/2016/05/rumano-hd.jpg?resize=1200%2C400" width="1200" height="400" srcset="https://i0.wp.com/le-fort.org/cocina/wp-content/uploads/2016/05/rumano-hd.jpg?w=1200&amp;ssl=1 1200w, https://i0.wp.com/le-fort.org/cocina/wp-content/uploads/2016/05/rumano-hd.jpg?resize=600%2C200&amp;ssl=1 600w" sizes="auto, (max-width: 1200px) 100vw, 1200px" /></p>
<p>¿Tienes una receta que necesitamos saber?</p>
<p>¿Viste algún error en alguna de las páginas o artículos?</p>
<p>¿Sabes preparar el elixir de la eterna juventud?</p>
<p>En cualquiera de los casos anteriores, o si tienes alguna idea descabellada e interesante en mente, por favor contáctanos.</p>
<p>info arroba le guión fort punto org</p>

<p>¿Tienes una receta que necesitamos saber? ¿Viste algún error en alguna de las páginas o artículos? ¿Sabes preparar el elixir de la eterna juventud? En cualquiera de los casos anteriores, o si tienes alguna idea descabellada e interesante en mente, por favor contáctanos. info arroba le guión fort punto org</p>

Gastronomía Ecuador

La gastronomía del Ecuador a menudo palidece eclipsada por la de sus vecinos. Esto no es justo: Ecuador es un país con muchísimo que comer, y que hemos disfrutado mucho en estos años. Se han llevado a cabo iniciativas importantes a nivel país, en algunas de las cuales hemos tenido…

Hacemos clases, cursos y talleres por todo Ecuador, y nuestra base está en Cuenca. Estos son nuestros eventos de docencia que vienen. Esperamos que alguno de ellos sea de tu interés. [wpfb_events page_id="123838908323434" new_window="1" col="2" max_events="10"] [fb_event_widget page_url=”https://www.facebook.com/lefortorg/” width=”340″ height=”500″ hide_cover=”false” hide_cta=”true” small_header=”true”]

Manipulación de Alimentos

Disponemos de un curso de manipulación de alimentos, de 40 horas de duración. Para más información o inscripción, contáctanos. Temario curso Manipulación de Alimentos Introducción: Competencias laborales y certificación SETEC Peligros de los alimentos Físicos Químicos Biologicos Enfermedades transmitidas por los alimentos Inocuidad alimentaria Higiene y sanitización Evitar la contaminación…

Pastelería en Masa Choux

La masa choux es una de las masas básicas de la pastelería. Data del siglo XVI y nos permite preparar una serie de delicias de dulce y de sal.   Acerca del curso de masa choux Talleres anteriores Si te interesa este curso, por favor contáctanos. Este taller, de 3…

Introducción a la Nutrición

El curso Introducción a la Nutrición es un curso para todo público que discute las bases de la nutrición, con miras a la certificación por competecias laborales SETEC. Sesiones anteriores Si te interesa este curso, por favor contáctanos. Duración: 4 horas (1 día) Material complementario: documento en formato PDF Certificado…

La cocina india se ha popularizado gracias a la dominación británica, y mucho de lo que conocemos como cocina india es en verdad cocina angloindia. En este curso tocamos un subconjunto que es la cocina india vegetariana. Este curso está dirigido a personas con interés en la cocina india y…
